r when 44 is divided by n.
12
Let w = -4 - -2. Let l(a) = 4*a - 2. Let s be l(-4). Let m = w - s. Calculate the remainder when 46 is divided by m.
14
Suppose -67*m + 65*m + 212 = 0. What is the remainder when m is divided by 27?
25
Suppose -4*w = -3*w - 7. Suppose 0 = -4*m + 3*q + 97, 0 = -3*m + m + 4*q + 46. What is the remainder when m is divided by w?
4
Let d(h) = -41*h**3 + h**2 + 2*h + 1. Let q be d(-1). Calculate the remainder when 17 is divided by (-2)/8 + q/4.
7
Suppose -5*p + 2*k = -282, p + 3*k - 221 = -3*p. Calculate the remainder when p is divided by 20.
16
Let y(p) = p**3 + 8*p**2 + 2*p - 14. What is the remainder when y(-6) is divided by 17?
12
Suppose 0*o + 72 = 3*o. Suppose 0 = -4*f - f + 10. Suppose 46 = -v + f*v. What is the remainder when v is divided by o?
22
Let y = -11 + -25. What is the remainder when 32/80 - -9*(-12)/(-5) is divided by 56/9 - (-8)/y?
4
Let f be -6*4/8 - 3. What is the remainder when 39 is divided by (-40)/f + (-40)/(-30)?
7
Let x = -2 + 3. Let v = x - -1. Suppose 2*p - 6 = -5*f + 23, -v*f + 60 = 3*p. What is the remainder when p is divided by 12?
10
Suppose -3*t + t = -320. Suppose -352 = 2*d + t. Calculate the remainder when 16 is divided by 2/11 - d/44.
4
Let d(a) = a**3 + 4*a**2 - 6*a + 1. Let t be d(-5). What is the remainder when 9 is divided by 3*(-4)/t + 7?
4
Suppose t = 2*t - 129. Let o(i) = 3*i + 3. Calculate the remainder when ((-3)/(-9))/(1/t) is divided by o(4).
13
Let p(n) = 7*n + 7*n - 15*n - 2. Let z be (-4)/8*(0 - -14). Calculate the remainder when p(z) is divided by 3.
2
Suppose 3*g - 11 = 2*t, 2*t + 2*g - 4 = 5*t. Suppose -t*f - f + 114 = 0. Suppose y = 2 + f. What is the remainder when y is divided by 14?
12
Let s = 21 + 21. What is the remainder when s is divided by 11?
9
Suppose 2*w = 24 + 80. Calculate the remainder when w is divided by 14.
10
Let r(l) = 10*l**2 + 2*l - 1. Calculate the remainder when r(2) is divided by 16.
11
Let a(d) = -d + 9. What is the remainder when a(-10) is divided by 7?
5
Suppose -3*z - 2*z = -100. What is the remainder when z is divided by 165/(-10)*2/(-3)?
9
Let z be (-10)/(-30) + 29/3. Let u = 18 - 12. Let b = z + u. Calculate the remainder when b is divided by 9.
7
Suppose -2*u = 4*u - 144. Calculate the remainder when u is divided by 9.
6
Let u(q) = 2*q**3 - 4*q**2 + 4*q - 1. What is the remainder when u(3) is divided by (-3 - -4 - -2) + 12?
14
Let r = 0 - -3. Suppose 0 = -11*z + 6*z + 370. Suppose -r*m + z = -m. What is the remainder when m is divided by 13?
11
Let c be (4/6)/(4/6). Suppose -4*d = 14 - 2. Calculate the remainder when 30 - d/(-3)*c is divided by 10.
9
Let k(s) = 0 + 5 - 1 + s**2 + 7*s. Calculate the remainder when 9 is divided by k(-7).
1
Let k = 15 - 8. Suppose -3*q - 3 = -78. Calculate the remainder when q is divided by k.
4
Suppose 52 = 53*n - 49*n. Calculate the remainder when 21 is divided by n.
8
Suppose -5*m - 18 = -228. Calculate the remainder when m is divided by 9.
6
Let a = -50 - -74. What is the remainder when 166 is divided by a?
22
Let g(f) = f**3 + f + 17. Suppose 2*d - 6 = -c - 14, 5*d + 27 = c. Let y be 0/(0 + c + 0). Calculate the remainder when g(y) is divided by 9.
8
Suppose -4 = -4*p - 0. Calculate the remainder when -3 - (-11 - 2/2) is divided by (p/(-3))/(4/(-60)).
4
Let q(t) = t**2 + t + 9. Let p be (-1 - -1) + 0 - 0. What is the remainder when 15 is divided by q(p)?
6
Let n = -24 + 33. Let u(l) = -l**2 + 4. Let b be u(0). Suppose 4*m - 77 = -5*d, -2*m + b*m = -2*d + 30. What is the remainder when d is divided by n?
8
Let t = 166 + -119. What is the remainder when 63 is divided by 2/6 + t/3?
15
Calculate the remainder when 40 is divided by (-9)/(-6)*112/12.
12
Let o(d) = d**2 - 9*d + 1. Calculate the remainder when 43 is divided by o(10).
10
Let l(f) = f**2 - 3*f. Let v = -157 - -191. Calculate the remainder when v is divided by l(6).
16
Let j(i) = -i**3 + 7*i**2 - 6*i + 3. Let u be j(6). Let z(w) = -6*w - u - 2 + 6. What is the remainder when 37 is divided by z(-3)?
18
Let a = -106 - -182. Suppose 4*z - a = -0*z. What is the remainder when z is divided by 11?
8
Let f(o) = o**2 - o + 2. What is the remainder when f(3) is divided by 120/35 + 0 + 8/14?
0
Suppose -6 = -6*c + 36. What is the remainder when 19 is divided by c?
5
Suppose 45 = i + 2*i. Calculate the remainder when (2/(-2))/((-3)/129) is divided by i.
13
Let w = -62 - -88. Let k(q) = -q**2 + 10*q - 6. Let n be k(7). Suppose 0*l + l + 6 = o, 3*o = 4*l + n. What is the remainder when w is divided by o?
8
Let l(p) = p - 3. Let r be l(7). Suppose 14 = f - 2*i - 12, -f + 23 = i. Suppose 0*a + f = r*a. What is the remainder when 17 is divided by a?
5
Let v = -27 - -74. Calculate the remainder when v is divided by (-16)/(-10)*(1 - -9).
15
Let a(n) = 2 + n**2 + 12*n + 5*n**2 + 0*n**2 - 3*n**2. What is the remainder when a(-5) is divided by 9?
8
Let j(u) = -u**3 - 3*u**2 + 7*u + 1. What is the remainder when j(-6) is divided by 23?
21
Let b be (-13)/(-7) + 3/21. Calculate the remainder when 23 is divided by 15 + (-3*b)/2.
11
Let h(s) be the first derivative of -9/2*s**2 - 1 + 1/3*s**3 + 9*s. What is the remainder when 17 is divided by h(9)?
8
Let a(z) = 2*z + 6*z - 4 + z**3 - z - 4*z**2. What is the remainder when a(5) is divided by (-56)/(-3) - (-9)/27?
18
Suppose 0 = -5*y - 3*a + 1 - 5, -2*a = -y + 7. What is the remainder when 2 is divided by y?
0
Let o(v) = -v**3 + 4*v**2 + 2*v + 1. Let a(g) = -g**3 - 6*g**2 - g - 2. Let c be a(-6). Suppose -22 = -d + c. Calculate the remainder when d is divided by o(4).
8
Let u = 101 - 68. Calculate the remainder when u is divided by 12.
9
Let x be 1 + (-2)/(2 + 0). Suppose -2*l + 9 + 81 = x. Let k(d) = d + 45. What is the remainder when l is divided by k(-22)?
22
Let k(m) = -m**3 + 9*m**2 - m + 1. What is the remainder when k(8) is divided by 15?
12
Let d(g) = g**2 + 9*g - 6. Let j be d(-8). Let o = j - -6. Let n = 30 + o. What is the remainder when n is divided by 8?
6
Let r(w) = -w + 7. Let o be r(5). Let b be 3/(18/(-46))*-3. Suppose -5*h = -o*i - 29, -4*h + 9*h + i = b. What is the remainder when 13 is divided by h?
3
Suppose 0 = -k + 3*c + 10, 0 = -4*k + 5*c - c + 24. Suppose k*i - 46 - 34 = 0. Let j = 29 - -10. Calculate the remainder when j is divided by i.
19
What is the remainder when 14 is divided by (400/(-140))/((-4)/14)?
4
Suppose -5*b - 16 = -3*f - 178, 0 = -4*b - 2*f + 112. Calculate the remainder when 87 is divided by b.
27
What is the remainder when 23 is divided by 104/18 - (-4)/18?
5
Let b(u) = u**3 + 13*u**2 - u - 5. Let o(n) = -7*n + 1. Let v be o(-2). Suppose 0 = -q - 2*q + v. Calculate the remainder when b(-13) is divided by q.
3
Suppose -2*g + 2 = -0*g, 0 = -s + 4*g - 2. Calculate the remainder when 5*((s - 1) + 0) is divided by 3.
2
Suppose 2*c - 3*z = 26 + 3, -4*c + 8 = 4*z. Calculate the remainder when ((-2)/11)/1 + 2460/220 is divided by c.
4
Let g = 6 + -12. Let n(l) = 2*l - 3 + 0 - 3*l. Calculate the remainder when 5 is divided by n(g).
2
Let j = -2 - -2. Suppose -4*l + 30 + 6 = j. Calculate the remainder when 34 is divided by l.
7
Suppose 4*q + 16 = 2*c - 18, -3*c + 5*q + 48 = 0. Calculate the remainder when 64 is divided by c.
9
Let y(x) = -x**3 + 8*x**2 - 9*x + 11. Suppose -5*m + 4*m + 8 = 0. What is the remainder when y(6) is divided by m?
5
Suppose 5*p = -7 - 3. Calculate the remainder when 3 + p - 38/(-1) is divided by 21.
18
Suppose -3*j + 16 = j. Suppose -4 + 80 = j*p. Calculate the remainder when p is divided by 10.
9
Let u be (-2)/(-7) + 642/7. Suppose -3*g + 0*w = 4*w - 47, 4*g - 2*w = u. Let i = 97 + -56. What is the remainder when i is divided by g?
20
Let n(c) = c**2 - 3*c - 7. Let l(k) = k**2 - 2*k - 8. Let v(f) = -2*l(f) + 3*n(f). Let o be (-3 + 4 - -13)/2. What is the remainder when 34 is divided by v(o)?
7
Suppose 3*d - 16 = -d. Let x = 4 + 1. What is the remainder when x is divided by d?
1
Let y be 3 - (4 + -3*2). Suppose -y*v + 11 = -24. What is the remainder when v is divided by 3?
1
Let h(g) be the third derivative of -g**6/120 - 7*g**5/30 - 13*g**4/24 + 5*g**3/2 + 3*g**2. Calculate the remainder when 57 is divided by h(-13).
12
Let r = 1 + -1. Suppose -7 = 3*b + 23. Let x = r - b. Calculate the remainder when 29 is divided by x.
9
Let s(k) = -22*k - 24. Calculate t